{"id":9371,"date":"2025-04-28T13:56:29","date_gmt":"2025-04-28T11:56:29","guid":{"rendered":"https:\/\/cms.zdv.uni-mainz.de\/fb02-schau\/?page_id=9371"},"modified":"2026-01-28T10:41:52","modified_gmt":"2026-01-28T09:41:52","slug":"der-schuelerinnenjob-im-homeworkcyclestartseite","status":"publish","type":"page","link":"https:\/\/cms.zdv.uni-mainz.de\/fb02-schau\/","title":{"rendered":"Der Sch\u00fcler:innenjob im HomeworkcycleStartseite"},"content":{"rendered":"<jgu-base-heading react-props=\"{\n    &quot;index&quot;: &quot;Der Sch\\u00fcler:innenjob im HomeworkcycleStartseite&quot;,\n    &quot;tags&quot;: {\n        &quot;htmlTag&quot;: &quot;h2&quot;,\n        &quot;classTag&quot;: &quot;&quot;,\n        &quot;tag&quot;: &quot;h2&quot;\n    },\n    &quot;heading&quot;: &quot;&lt;strong&gt;Eine ethnografische Untersuchung in Schule und Familie.&lt;\\\/strong&gt;&quot;,\n    &quot;textAlign&quot;: &quot;left&quot;,\n    &quot;anchor&quot;: &quot;&quot;,\n    &quot;color&quot;: &quot;red&quot;\n}\"><\/jgu-base-heading>\n\n\n\n<p>Mit der Perspektive einer praxistheoretisch orientierten Sch\u00fcler:innenforschung, die explizit den Fokus auf das Handeln von Sch\u00fcler:innen legt und die paradigmatisch in den Studien zum \u201aSch\u00fcler:innenjob\u2018 (Breidenstein) angelegt ist, soll in diesem Forschungsprojekt das schulbezogene Lernen und Bearbeiten von (Haus-)Aufgaben nicht nur innerhalb, sondern gerade auch au\u00dferhalb des Unterrichts und damit an allen Stationen des \u201aHomework Cycle\u2018 untersucht werden. Wesentliches Element des \u201aSch\u00fcler:innenjobs\u2018 ist, dass in Bezug auf schulische Anforderungen nicht die Praktiken und Handlungslogiken von Institutionen oder Lehrkr\u00e4ften nachvollzogen werden, sondern die von Sch\u00fcler:innen selbst. Dieser Fokus tr\u00e4gt auch der Besonderheit von Hausaufgaben Rechnung, dass sich hausaufgabenbezogene Praktiken und Artefakte in einem Kreislauf zwischen Schule und Orten der Hausaufgabenerledigung bewegen, in denen die Sch\u00fcler:innen selbst die Konstante bilden. Seinen begrifflichen Niederschlag findet diese Dynamik in der Bezeichnung des Homework Cycle (Landers), der also die Besch\u00e4ftigung mit Hausaufgaben in einem \u201cKreislauf von Kontexten\u201d ausdr\u00fcckt:<\/p>\n\n\n\n<div style=\"height:30px\" aria-hidden=\"true\" class=\"wp-block-spacer\"><\/div>\n\n\n\n<div class=\"wp-block-columns is-layout-flex wp-container-core-columns-is-layout-9d6595d7 wp-block-columns-is-layout-flex\">\n<div class=\"wp-block-column is-layout-flow wp-block-column-is-layout-flow\">\n<p><\/p>\n<\/div>\n\n\n\n<div class=\"wp-block-column is-layout-flow wp-block-column-is-layout-flow\"><jgu-base-image react-props=\"{\n    &quot;image&quot;: {\n        &quot;url&quot;: &quot;https:\\\/\\\/cms.zdv.uni-mainz.de\\\/fb02-schau\\\/wp-content\\\/uploads\\\/sites\\\/752\\\/2025\\\/04\\\/Grafik-Projektbeschreibung_neu-1024x535-1.png&quot;,\n        &quot;id&quot;: 9374,\n        &quot;title&quot;: &quot;Grafik-Projektbeschreibung_neu-1024x535&quot;,\n        &quot;width&quot;: 1024,\n        &quot;height&quot;: 535\n    },\n    &quot;align&quot;: &quot;&quot;,\n    &quot;hasLightbox&quot;: false,\n    &quot;caption&quot;: &quot;&quot;,\n    &quot;imgWidth&quot;: 0,\n    &quot;link&quot;: {\n        &quot;url&quot;: &quot;&quot;,\n        &quot;target&quot;: &quot;&quot;,\n        &quot;rel&quot;: &quot;&quot;\n    }\n}\" class=\"align-\">\n    \n<\/jgu-base-image><\/div>\n\n\n\n<div class=\"wp-block-column is-layout-flow wp-block-column-is-layout-flow\"><\/div>\n<\/div>\n\n\n\n<div class=\"wp-block-columns is-layout-flex wp-container-core-columns-is-layout-9d6595d7 wp-block-columns-is-layout-flex\">\n<div class=\"wp-block-column is-layout-flow wp-block-column-is-layout-flow\"><\/div>\n\n\n\n<div class=\"wp-block-column is-layout-flow wp-block-column-is-layout-flow\" style=\"flex-basis:50%\"><\/div>\n\n\n\n<div class=\"wp-block-column is-layout-flow wp-block-column-is-layout-flow\"><\/div>\n<\/div>\n\n\n\n<p>Die Studie l\u00e4sst dar\u00fcber hinaus Erkenntnisse zur Rolle von Hausaufgaben an der Reproduktion sozialer Ungleichheit erwarten.<\/p>\n\n\n\n<p><strong>Laufzeit<\/strong>: 01.06.2023 \u2013 31.05.2026<br><strong>F\u00f6rderung<\/strong>: DFG<\/p>\n    <div style=\"display: none\">\n        \n    <\/div>","protected":false},"excerpt":{"rendered":"<p>Mit der Perspektive einer praxistheoretisch orientierten Sch\u00fcler:innenforschung, die explizit den Fokus auf das Handeln von Sch\u00fcler:innen legt und die paradigmatisch in den Studien zum \u201aSch\u00fcler:innenjob\u2018 (Breidenstein) angelegt ist, soll in diesem Forschungsprojekt das schulbezogene Lernen und Bearbeiten von (Haus-)Aufgaben nicht nur innerhalb, sondern gerade auch au\u00dferhalb des Unterrichts und damit an allen Stationen des \u201aHomework &hellip; <a href=\"https:\/\/cms.zdv.uni-mainz.de\/fb02-schau\/\">Weiter lesen<\/a><\/p>\n","protected":false},"author":1133,"featured_media":0,"parent":0,"menu_order":0,"comment_status":"closed","ping_status":"closed","template":"","meta":{"footnotes":""},"categories":[],"tags":[],"class_list":["post-9371","page","type-page","status-publish","hentry"],"content_raw":"<!-- wp:jgu\/heading {\"index\":\"Der Sch\u00fcler:innenjob im HomeworkcycleStartseite\",\"tags\":{\"htmlTag\":\"h2\",\"classTag\":\"\",\"tag\":\"h2\"},\"heading\":\"\\u003cstrong\\u003eEine ethnografische Untersuchung in Schule und Familie.\\u003c\/strong\\u003e\"} \/-->\n\n<!-- wp:paragraph -->\n<p>Mit der Perspektive einer praxistheoretisch orientierten Sch\u00fcler:innenforschung, die explizit den Fokus auf das Handeln von Sch\u00fcler:innen legt und die paradigmatisch in den Studien zum \u201aSch\u00fcler:innenjob\u2018 (Breidenstein) angelegt ist, soll in diesem Forschungsprojekt das schulbezogene Lernen und Bearbeiten von (Haus-)Aufgaben nicht nur innerhalb, sondern gerade auch au\u00dferhalb des Unterrichts und damit an allen Stationen des \u201aHomework Cycle\u2018 untersucht werden. Wesentliches Element des \u201aSch\u00fcler:innenjobs\u2018 ist, dass in Bezug auf schulische Anforderungen nicht die Praktiken und Handlungslogiken von Institutionen oder Lehrkr\u00e4ften nachvollzogen werden, sondern die von Sch\u00fcler:innen selbst. Dieser Fokus tr\u00e4gt auch der Besonderheit von Hausaufgaben Rechnung, dass sich hausaufgabenbezogene Praktiken und Artefakte in einem Kreislauf zwischen Schule und Orten der Hausaufgabenerledigung bewegen, in denen die Sch\u00fcler:innen selbst die Konstante bilden. Seinen begrifflichen Niederschlag findet diese Dynamik in der Bezeichnung des Homework Cycle (Landers), der also die Besch\u00e4ftigung mit Hausaufgaben in einem \u201cKreislauf von Kontexten\u201d ausdr\u00fcckt:<\/p>\n<!-- \/wp:paragraph -->\n\n<!-- wp:spacer {\"height\":\"30px\"} -->\n<div style=\"height:30px\" aria-hidden=\"true\" class=\"wp-block-spacer\"><\/div>\n<!-- \/wp:spacer -->\n\n<!-- wp:columns -->\n<div class=\"wp-block-columns\"><!-- wp:column -->\n<div class=\"wp-block-column\"><!-- wp:paragraph -->\n<p><\/p>\n<!-- \/wp:paragraph --><\/div>\n<!-- \/wp:column -->\n\n<!-- wp:column -->\n<div class=\"wp-block-column\"><!-- wp:jgu\/image {\"image\":{\"url\":null,\"id\":9374}} \/--><\/div>\n<!-- \/wp:column -->\n\n<!-- wp:column -->\n<div class=\"wp-block-column\"><\/div>\n<!-- \/wp:column --><\/div>\n<!-- \/wp:columns -->\n\n<!-- wp:columns -->\n<div class=\"wp-block-columns\"><!-- wp:column -->\n<div class=\"wp-block-column\"><\/div>\n<!-- \/wp:column -->\n\n<!-- wp:column {\"width\":\"50%\"} -->\n<div class=\"wp-block-column\" style=\"flex-basis:50%\"><\/div>\n<!-- \/wp:column -->\n\n<!-- wp:column -->\n<div class=\"wp-block-column\"><\/div>\n<!-- \/wp:column --><\/div>\n<!-- \/wp:columns -->\n\n<!-- wp:paragraph -->\n<p>Die Studie l\u00e4sst dar\u00fcber hinaus Erkenntnisse zur Rolle von Hausaufgaben an der Reproduktion sozialer Ungleichheit erwarten.<\/p>\n<!-- \/wp:paragraph -->\n\n<!-- wp:paragraph -->\n<p><strong>Laufzeit<\/strong>: 01.06.2023 \u2013 31.05.2026<br><strong>F\u00f6rderung<\/strong>: DFG<\/p>\n<!-- \/wp:paragraph -->","_links":{"self":[{"href":"https:\/\/cms.zdv.uni-mainz.de\/fb02-schau\/wp-json\/wp\/v2\/pages\/9371","targetHints":{"allow":["GET"]}}],"collection":[{"href":"https:\/\/cms.zdv.uni-mainz.de\/fb02-schau\/wp-json\/wp\/v2\/pages"}],"about":[{"href":"https:\/\/cms.zdv.uni-mainz.de\/fb02-schau\/wp-json\/wp\/v2\/types\/page"}],"author":[{"embeddable":true,"href":"https:\/\/cms.zdv.uni-mainz.de\/fb02-schau\/wp-json\/wp\/v2\/users\/1133"}],"replies":[{"embeddable":true,"href":"https:\/\/cms.zdv.uni-mainz.de\/fb02-schau\/wp-json\/wp\/v2\/comments?post=9371"}],"version-history":[{"count":5,"href":"https:\/\/cms.zdv.uni-mainz.de\/fb02-schau\/wp-json\/wp\/v2\/pages\/9371\/revisions"}],"predecessor-version":[{"id":9457,"href":"https:\/\/cms.zdv.uni-mainz.de\/fb02-schau\/wp-json\/wp\/v2\/pages\/9371\/revisions\/9457"}],"wp:attachment":[{"href":"https:\/\/cms.zdv.uni-mainz.de\/fb02-schau\/wp-json\/wp\/v2\/media?parent=9371"}],"wp:term":[{"taxonomy":"category","embeddable":true,"href":"https:\/\/cms.zdv.uni-mainz.de\/fb02-schau\/wp-json\/wp\/v2\/categories?post=9371"},{"taxonomy":"post_tag","embeddable":true,"href":"https:\/\/cms.zdv.uni-mainz.de\/fb02-schau\/wp-json\/wp\/v2\/tags?post=9371"}],"curies":[{"name":"wp","href":"https:\/\/api.w.org\/{rel}","templated":true}]}}