{"id":114069,"date":"2024-01-22T11:15:59","date_gmt":"2024-01-22T10:15:59","guid":{"rendered":"https:\/\/cms.zdv.uni-mainz.de\/modul-demo\/?page_id=114069"},"modified":"2025-06-23T08:38:20","modified_gmt":"2025-06-23T06:38:20","slug":"code","status":"publish","type":"page","link":"https:\/\/cms.zdv.uni-mainz.de\/modul-demo\/code\/","title":{"rendered":"Code"},"content":{"rendered":"<jgu-base-pageheader react-props=\"{\n    &quot;items&quot;: [\n        {\n            &quot;box&quot;: {\n                &quot;index&quot;: &quot;&quot;,\n                &quot;title&quot;: &quot;Code&quot;,\n                &quot;link&quot;: {\n                    &quot;url&quot;: &quot;&quot;,\n                    &quot;title&quot;: &quot;learn more&quot;\n                }\n            },\n            &quot;color&quot;: &quot;default&quot;,\n            &quot;image&quot;: {\n                &quot;url&quot;: &quot;&quot;\n            },\n            &quot;imgCredit&quot;: &quot;&quot;,\n            &quot;useVideo&quot;: false,\n            &quot;video&quot;: false\n        }\n    ],\n    &quot;type&quot;: &quot;border&quot;,\n    &quot;align&quot;: &quot;full&quot;,\n    &quot;quicklinks&quot;: {\n        &quot;show&quot;: false,\n        &quot;selects&quot;: []\n    },\n    &quot;useBreadcrumb&quot;: false\n}\">\n<\/jgu-base-pageheader>\n\n\n<p class=\"has-big-font-size\">Codeteile k\u00f6nnen anderer Schreibweise dargestellt werden:<\/p>\n\n\n\n<pre class=\"wp-block-code\"><code>string beispieltext = \"Hello World\"\nprint(beispieltext)\n<\/code><\/pre>\n\n\n\n<p class=\"has-big-font-size\">Einzelne Zeilen werden hierbei in der Darstellung am Webseitenrand gebrochen. Der Code Baustein findet eigentlich nur Verwendung, wenn man Programmtext einf\u00fcgen m\u00f6chte in die Webseite. Beim Einf\u00fcgen ohne den Block k\u00f6nnen Interpretationsfehler, wie fehlerhaftes Einsetzen von Abst\u00e4nden, entstehen.<\/p>\n    <div style=\"display: none\">\n        \n    <\/div>","protected":false},"excerpt":{"rendered":"<p>Codeteile k\u00f6nnen anderer Schreibweise dargestellt werden: Einzelne Zeilen werden hierbei in der Darstellung am Webseitenrand gebrochen. Der Code Baustein findet eigentlich nur Verwendung, wenn man Programmtext einf\u00fcgen m\u00f6chte in die Webseite. Beim Einf\u00fcgen ohne den Block k\u00f6nnen Interpretationsfehler, wie fehlerhaftes Einsetzen von Abst\u00e4nden, entstehen.<\/p>\n","protected":false},"author":231,"featured_media":0,"parent":0,"menu_order":0,"comment_status":"closed","ping_status":"closed","template":"","meta":{"footnotes":""},"categories":[],"tags":[],"class_list":["post-114069","page","type-page","status-publish","hentry"],"content_raw":"<!-- wp:jgu\/pageheader {\"items\":[{\"box\":{\"index\":\"\",\"title\":\"Code\",\"link\":{\"url\":\"\",\"title\":\"learn more\"}},\"color\":\"default\",\"image\":{\"url\":\"\"},\"imgCredit\":\"\",\"useVideo\":false,\"video\":false}],\"type\":\"border\"} \/-->\n\n<!-- wp:paragraph {\"className\":\"has-big-font-size\"} -->\n<p class=\"has-big-font-size\">Codeteile k\u00f6nnen anderer Schreibweise dargestellt werden:<\/p>\n<!-- \/wp:paragraph -->\n\n<!-- wp:code -->\n<pre class=\"wp-block-code\"><code>string beispieltext = \"Hello World\"\nprint(beispieltext)\n<\/code><\/pre>\n<!-- \/wp:code -->\n\n<!-- wp:paragraph {\"className\":\"has-big-font-size\"} -->\n<p class=\"has-big-font-size\">Einzelne Zeilen werden hierbei in der Darstellung am Webseitenrand gebrochen. Der Code Baustein findet eigentlich nur Verwendung, wenn man Programmtext einf\u00fcgen m\u00f6chte in die Webseite. Beim Einf\u00fcgen ohne den Block k\u00f6nnen Interpretationsfehler, wie fehlerhaftes Einsetzen von Abst\u00e4nden, entstehen.<\/p>\n<!-- \/wp:paragraph -->","_links":{"self":[{"href":"https:\/\/cms.zdv.uni-mainz.de\/modul-demo\/wp-json\/wp\/v2\/pages\/114069","targetHints":{"allow":["GET"]}}],"collection":[{"href":"https:\/\/cms.zdv.uni-mainz.de\/modul-demo\/wp-json\/wp\/v2\/pages"}],"about":[{"href":"https:\/\/cms.zdv.uni-mainz.de\/modul-demo\/wp-json\/wp\/v2\/types\/page"}],"author":[{"embeddable":true,"href":"https:\/\/cms.zdv.uni-mainz.de\/modul-demo\/wp-json\/wp\/v2\/users\/231"}],"replies":[{"embeddable":true,"href":"https:\/\/cms.zdv.uni-mainz.de\/modul-demo\/wp-json\/wp\/v2\/comments?post=114069"}],"version-history":[{"count":4,"href":"https:\/\/cms.zdv.uni-mainz.de\/modul-demo\/wp-json\/wp\/v2\/pages\/114069\/revisions"}],"predecessor-version":[{"id":117138,"href":"https:\/\/cms.zdv.uni-mainz.de\/modul-demo\/wp-json\/wp\/v2\/pages\/114069\/revisions\/117138"}],"wp:attachment":[{"href":"https:\/\/cms.zdv.uni-mainz.de\/modul-demo\/wp-json\/wp\/v2\/media?parent=114069"}],"wp:term":[{"taxonomy":"category","embeddable":true,"href":"https:\/\/cms.zdv.uni-mainz.de\/modul-demo\/wp-json\/wp\/v2\/categories?post=114069"},{"taxonomy":"post_tag","embeddable":true,"href":"https:\/\/cms.zdv.uni-mainz.de\/modul-demo\/wp-json\/wp\/v2\/tags?post=114069"}],"curies":[{"name":"wp","href":"https:\/\/api.w.org\/{rel}","templated":true}]}}