{"id":115148,"date":"2024-03-08T10:03:05","date_gmt":"2024-03-08T09:03:05","guid":{"rendered":"https:\/\/cms.zdv.uni-mainz.de\/modul-demo\/?page_id=115148"},"modified":"2024-06-11T12:06:32","modified_gmt":"2024-06-11T10:06:32","slug":"schnittstelle","status":"publish","type":"page","link":"https:\/\/cms.zdv.uni-mainz.de\/modul-demo\/schnittstelle\/","title":{"rendered":"Schnittstelle"},"content":{"rendered":"<jgu-base-heading react-props=\"{\n    &quot;heading&quot;: &quot;Schnittstellen&quot;,\n    &quot;textAlign&quot;: &quot;left&quot;,\n    &quot;anchor&quot;: &quot;&quot;,\n    &quot;index&quot;: &quot;&quot;,\n    &quot;color&quot;: &quot;red&quot;,\n    &quot;tags&quot;: {\n        &quot;htmlTag&quot;: &quot;h2&quot;,\n        &quot;classTag&quot;: &quot;&quot;\n    }\n}\"><\/jgu-base-heading>\n\n\n\n<p class=\"has-big-font-size\">Hier sind Bl\u00f6cke, die Ihnen die Arbeit erleichtern k\u00f6nnen. Ist aber nur etwas, wenn Sie auf Inhalt stehen und das Layout so akzeptieren k\u00f6nnen, wie es ausgeliefert wird.<\/p>\n\n\n\n<ul class=\"has-big-font-size wp-block-list\">\n<li>JOGUStINe Lehrveranstaltungen einblenden: Die zentrale Verwaltung der Lehrveranstaltungen l\u00e4uft&nbsp; \u00fcber JOGUStINe. WordPress kann die Lehrveranstaltungen eines Instituts oder eines Dozenten einblenden.<\/li>\n\n\n\n<li><a href=\"https:\/\/cms.zdv.uni-mainz.de\/modul-demo\/schnittstelle\/fis\/\" data-type=\"page\" data-id=\"115145\">Uni-Bibliografie<\/a> einblenden: Bibliografische Daten sind die Butter auf dem Brot der Wissenschaft. F\u00fcr Wissenschaftler der Uni Mainz stellt die Universit\u00e4tsbibliothek daher eine eigene Bibliografie zur Verf\u00fcgung, deren Inhalte WordPress ebenfalls anzeigen kann. Bibliografische Informationen m\u00fcssen auf diese Weise nicht doppelt erfasst werden. <\/li>\n\n\n\n<li>Kontakt- und Einrichtungsinfos anzeigen lassen (JGU IdM): binden Sie freigegebene Kontakt- und Einrichtungsinfos aus dem Personen- und Einrichtungsverzeichnis der JGU ein f\u00fcr <a href=\"https:\/\/cms.zdv.uni-mainz.de\/modul-demo\/jgu-idm-person\/\" data-type=\"page\" data-id=\"114573\">einzelne Kontakte<\/a> oder ganze <a href=\"https:\/\/cms.zdv.uni-mainz.de\/modul-demo\/jgu-idm-organisation\/\" data-type=\"page\" data-id=\"114537\">Organisationen<\/a><\/li>\n\n\n\n<li>Veranstaltungskalender: <a href=\"https:\/\/cms.zdv.uni-mainz.de\/modul-demo\/events-slider\/\" data-type=\"page\" data-id=\"115469\">Events-Slider<\/a>, <a href=\"https:\/\/cms.zdv.uni-mainz.de\/modul-demo\/schnittstelle\/veranstaltungskalender\/\" data-type=\"page\" data-id=\"115295\">Kalender<\/a><\/li>\n<\/ul>\n    <div style=\"display: none\">\n        \n    <\/div>","protected":false},"excerpt":{"rendered":"<p>Hier sind Bl\u00f6cke, die Ihnen die Arbeit erleichtern k\u00f6nnen. Ist aber nur etwas, wenn Sie auf Inhalt stehen und das Layout so akzeptieren k\u00f6nnen, wie es ausgeliefert wird.<\/p>\n","protected":false},"author":16,"featured_media":0,"parent":0,"menu_order":0,"comment_status":"closed","ping_status":"closed","template":"","meta":{"footnotes":""},"categories":[],"tags":[],"class_list":["post-115148","page","type-page","status-publish","hentry"],"content_raw":"<!-- wp:jgu\/heading {\"heading\":\"Schnittstellen\"} \/-->\n\n<!-- wp:paragraph {\"className\":\"has-big-font-size\"} -->\n<p class=\"has-big-font-size\">Hier sind Bl\u00f6cke, die Ihnen die Arbeit erleichtern k\u00f6nnen. Ist aber nur etwas, wenn Sie auf Inhalt stehen und das Layout so akzeptieren k\u00f6nnen, wie es ausgeliefert wird.<\/p>\n<!-- \/wp:paragraph -->\n\n<!-- wp:list {\"className\":\"has-big-font-size\"} -->\n<ul class=\"has-big-font-size\"><!-- wp:list-item -->\n<li>JOGUStINe Lehrveranstaltungen einblenden: Die zentrale Verwaltung der Lehrveranstaltungen l\u00e4uft&nbsp; \u00fcber JOGUStINe. WordPress kann die Lehrveranstaltungen eines Instituts oder eines Dozenten einblenden.<\/li>\n<!-- \/wp:list-item -->\n\n<!-- wp:list-item -->\n<li><a href=\"https:\/\/cms.zdv.uni-mainz.de\/modul-demo\/schnittstelle\/fis\/\" data-type=\"page\" data-id=\"115145\">Uni-Bibliografie<\/a> einblenden: Bibliografische Daten sind die Butter auf dem Brot der Wissenschaft. F\u00fcr Wissenschaftler der Uni Mainz stellt die Universit\u00e4tsbibliothek daher eine eigene Bibliografie zur Verf\u00fcgung, deren Inhalte WordPress ebenfalls anzeigen kann. Bibliografische Informationen m\u00fcssen auf diese Weise nicht doppelt erfasst werden. <\/li>\n<!-- \/wp:list-item -->\n\n<!-- wp:list-item -->\n<li>Kontakt- und Einrichtungsinfos anzeigen lassen (JGU IdM): binden Sie freigegebene Kontakt- und Einrichtungsinfos aus dem Personen- und Einrichtungsverzeichnis der JGU ein f\u00fcr <a href=\"https:\/\/cms.zdv.uni-mainz.de\/modul-demo\/jgu-idm-person\/\" data-type=\"page\" data-id=\"114573\">einzelne Kontakte<\/a> oder ganze <a href=\"https:\/\/cms.zdv.uni-mainz.de\/modul-demo\/jgu-idm-organisation\/\" data-type=\"page\" data-id=\"114537\">Organisationen<\/a><\/li>\n<!-- \/wp:list-item -->\n\n<!-- wp:list-item -->\n<li>Veranstaltungskalender: <a href=\"https:\/\/cms.zdv.uni-mainz.de\/modul-demo\/events-slider\/\" data-type=\"page\" data-id=\"115469\">Events-Slider<\/a>, <a href=\"https:\/\/cms.zdv.uni-mainz.de\/modul-demo\/schnittstelle\/veranstaltungskalender\/\" data-type=\"page\" data-id=\"115295\">Kalender<\/a><\/li>\n<!-- \/wp:list-item --><\/ul>\n<!-- \/wp:list -->","_links":{"self":[{"href":"https:\/\/cms.zdv.uni-mainz.de\/modul-demo\/wp-json\/wp\/v2\/pages\/115148","targetHints":{"allow":["GET"]}}],"collection":[{"href":"https:\/\/cms.zdv.uni-mainz.de\/modul-demo\/wp-json\/wp\/v2\/pages"}],"about":[{"href":"https:\/\/cms.zdv.uni-mainz.de\/modul-demo\/wp-json\/wp\/v2\/types\/page"}],"author":[{"embeddable":true,"href":"https:\/\/cms.zdv.uni-mainz.de\/modul-demo\/wp-json\/wp\/v2\/users\/16"}],"replies":[{"embeddable":true,"href":"https:\/\/cms.zdv.uni-mainz.de\/modul-demo\/wp-json\/wp\/v2\/comments?post=115148"}],"version-history":[{"count":3,"href":"https:\/\/cms.zdv.uni-mainz.de\/modul-demo\/wp-json\/wp\/v2\/pages\/115148\/revisions"}],"predecessor-version":[{"id":115478,"href":"https:\/\/cms.zdv.uni-mainz.de\/modul-demo\/wp-json\/wp\/v2\/pages\/115148\/revisions\/115478"}],"wp:attachment":[{"href":"https:\/\/cms.zdv.uni-mainz.de\/modul-demo\/wp-json\/wp\/v2\/media?parent=115148"}],"wp:term":[{"taxonomy":"category","embeddable":true,"href":"https:\/\/cms.zdv.uni-mainz.de\/modul-demo\/wp-json\/wp\/v2\/categories?post=115148"},{"taxonomy":"post_tag","embeddable":true,"href":"https:\/\/cms.zdv.uni-mainz.de\/modul-demo\/wp-json\/wp\/v2\/tags?post=115148"}],"curies":[{"name":"wp","href":"https:\/\/api.w.org\/{rel}","templated":true}]}}