{"id":119664,"date":"2026-04-28T08:22:48","date_gmt":"2026-04-28T06:22:48","guid":{"rendered":"https:\/\/cms.zdv.uni-mainz.de\/modul-demo\/?page_id=119664"},"modified":"2026-04-28T08:30:33","modified_gmt":"2026-04-28T06:30:33","slug":"math","status":"publish","type":"page","link":"https:\/\/cms.zdv.uni-mainz.de\/modul-demo\/math\/","title":{"rendered":"Math"},"content":{"rendered":"<jgu-base-heading react-props=\"{\n    &quot;tags&quot;: {\n        &quot;htmlTag&quot;: &quot;h2&quot;,\n        &quot;classTag&quot;: &quot;&quot;,\n        &quot;tag&quot;: &quot;h2&quot;\n    },\n    &quot;heading&quot;: &quot;Mathematik&quot;,\n    &quot;textAlign&quot;: &quot;left&quot;,\n    &quot;anchor&quot;: &quot;&quot;,\n    &quot;index&quot;: &quot;&quot;,\n    &quot;color&quot;: &quot;red&quot;\n}\"><\/jgu-base-heading>\n\n\n\n<p class=\"has-big-font-size\">Tippen Sie \/math in einem freien Absatz oder w\u00e4hlen Sie den Mathematik-Block \u00fcber das Pluszeichen aus.<\/p>\n\n\n\n<p class=\"has-big-font-size\">Da dies ein core-Block ist, an dem wir nichts ge\u00e4ndert haben, verweisen wir auf die originale <a href=\"https:\/\/wordpress.org\/documentation\/article\/math-block\/\">WordPress Anleitung <\/a><\/p>\n\n\n\n<div class=\"wp-block-math\"><math display=\"block\"><semantics><mrow><msup><mi>x<\/mi><mn>2<\/mn><\/msup><mo separator=\"true\">,<\/mo><mi>E<\/mi><mo>=<\/mo><mi>m<\/mi><mo>\u2217<\/mo><msup><mi>c<\/mi><mn>2<\/mn><\/msup><mi>u<\/mi><mi>n<\/mi><mi>d<\/mi><mi>m<\/mi><mi>e<\/mi><mi>h<\/mi><mi>r<\/mi><\/mrow><annotation encoding=\"application\/x-tex\">x^2, E=m*c^2 und  mehr<\/annotation><\/semantics><\/math><\/div>\n\n\n\n<p class=\"has-big-font-size\">Hoch- und tiefgestellt: H<sub>2<\/sub>O funktioniert mit Tiefstellen, x<sup>2<\/sup>, wie auch der Mathe-Block <math data-latex=\"E=m*c\u00b2\"><semantics><mrow><mi>E<\/mi><mo>=<\/mo><mi>m<\/mi><mo>\u2217<\/mo><msup><mi>c<\/mi><mn>2<\/mn><\/msup><\/mrow><annotation encoding=\"application\/x-tex\">E=m*c\u00b2<\/annotation><\/semantics><\/math> direkt im Befehlsinspektor, so da\u00df Sie dies auch im Lauftext verwenden. <\/p>\n\n\n\n<p class=\"has-big-font-size\"><\/p>\n    <div style=\"display: none\">\n        \n    <\/div>","protected":false},"excerpt":{"rendered":"<p>Tippen Sie \/math in einem freien Absatz oder w\u00e4hlen Sie den Mathematik-Block \u00fcber das Pluszeichen aus. Da dies ein core-Block ist, an dem wir nichts ge\u00e4ndert haben, verweisen wir auf die originale WordPress Anleitung Hoch- und tiefgestellt: H2O funktioniert mit Tiefstellen, x2, wie auch der Mathe-Block E=m\u2217c2E=m*c\u00b2 direkt im Befehlsinspektor, so da\u00df Sie dies auch &hellip; <a href=\"https:\/\/cms.zdv.uni-mainz.de\/modul-demo\/math\/\">Weiter lesen<\/a><\/p>\n","protected":false},"author":16,"featured_media":0,"parent":0,"menu_order":0,"comment_status":"closed","ping_status":"closed","template":"","meta":{"footnotes":""},"categories":[],"tags":[],"class_list":["post-119664","page","type-page","status-publish","hentry"],"content_raw":"<!-- wp:jgu\/heading {\"tags\":{\"htmlTag\":\"h2\",\"classTag\":\"\",\"tag\":\"h2\"},\"heading\":\"Mathematik\"} \/-->\n\n<!-- wp:paragraph -->\n<p class=\"has-big-font-size\">Tippen Sie \/math in einem freien Absatz oder w\u00e4hlen Sie den Mathematik-Block \u00fcber das Pluszeichen aus.<\/p>\n<!-- \/wp:paragraph -->\n\n<!-- wp:paragraph -->\n<p class=\"has-big-font-size\">Da dies ein core-Block ist, an dem wir nichts ge\u00e4ndert haben, verweisen wir auf die originale <a href=\"https:\/\/wordpress.org\/documentation\/article\/math-block\/\">WordPress Anleitung <\/a><\/p>\n<!-- \/wp:paragraph -->\n\n<!-- wp:math {\"latex\":\"x^2, E=m*c^2 und  mehr\"} -->\n<div class=\"wp-block-math\"><math display=\"block\"><semantics><mrow><msup><mi>x<\/mi><mn>2<\/mn><\/msup><mo separator=\"true\">,<\/mo><mi>E<\/mi><mo>=<\/mo><mi>m<\/mi><mo>\u2217<\/mo><msup><mi>c<\/mi><mn>2<\/mn><\/msup><mi>u<\/mi><mi>n<\/mi><mi>d<\/mi><mi>m<\/mi><mi>e<\/mi><mi>h<\/mi><mi>r<\/mi><\/mrow><annotation encoding=\"application\/x-tex\">x^2, E=m*c^2 und  mehr<\/annotation><\/semantics><\/math><\/div>\n<!-- \/wp:math -->\n\n<!-- wp:paragraph -->\n<p class=\"has-big-font-size\">Hoch- und tiefgestellt: H<sub>2<\/sub>O funktioniert mit Tiefstellen, x<sup>2<\/sup>, wie auch der Mathe-Block <math data-latex=\"E=m*c\u00b2\"><semantics><mrow><mi>E<\/mi><mo>=<\/mo><mi>m<\/mi><mo>\u2217<\/mo><msup><mi>c<\/mi><mn>2<\/mn><\/msup><\/mrow><annotation encoding=\"application\/x-tex\">E=m*c\u00b2<\/annotation><\/semantics><\/math> direkt im Befehlsinspektor, so da\u00df Sie dies auch im Lauftext verwenden. <\/p>\n<!-- \/wp:paragraph -->\n\n<!-- wp:paragraph -->\n<p class=\"has-big-font-size\"><\/p>\n<!-- \/wp:paragraph -->","_links":{"self":[{"href":"https:\/\/cms.zdv.uni-mainz.de\/modul-demo\/wp-json\/wp\/v2\/pages\/119664","targetHints":{"allow":["GET"]}}],"collection":[{"href":"https:\/\/cms.zdv.uni-mainz.de\/modul-demo\/wp-json\/wp\/v2\/pages"}],"about":[{"href":"https:\/\/cms.zdv.uni-mainz.de\/modul-demo\/wp-json\/wp\/v2\/types\/page"}],"author":[{"embeddable":true,"href":"https:\/\/cms.zdv.uni-mainz.de\/modul-demo\/wp-json\/wp\/v2\/users\/16"}],"replies":[{"embeddable":true,"href":"https:\/\/cms.zdv.uni-mainz.de\/modul-demo\/wp-json\/wp\/v2\/comments?post=119664"}],"version-history":[{"count":2,"href":"https:\/\/cms.zdv.uni-mainz.de\/modul-demo\/wp-json\/wp\/v2\/pages\/119664\/revisions"}],"predecessor-version":[{"id":119671,"href":"https:\/\/cms.zdv.uni-mainz.de\/modul-demo\/wp-json\/wp\/v2\/pages\/119664\/revisions\/119671"}],"wp:attachment":[{"href":"https:\/\/cms.zdv.uni-mainz.de\/modul-demo\/wp-json\/wp\/v2\/media?parent=119664"}],"wp:term":[{"taxonomy":"category","embeddable":true,"href":"https:\/\/cms.zdv.uni-mainz.de\/modul-demo\/wp-json\/wp\/v2\/categories?post=119664"},{"taxonomy":"post_tag","embeddable":true,"href":"https:\/\/cms.zdv.uni-mainz.de\/modul-demo\/wp-json\/wp\/v2\/tags?post=119664"}],"curies":[{"name":"wp","href":"https:\/\/api.w.org\/{rel}","templated":true}]}}