{"id":2729,"date":"2022-07-28T10:46:26","date_gmt":"2022-07-28T08:46:26","guid":{"rendered":"https:\/\/cms-test.zdv.uni-mainz.de\/demo-module\/?page_id=2729"},"modified":"2026-05-06T15:48:02","modified_gmt":"2026-05-06T13:48:02","slug":"seiteneinstieg","status":"publish","type":"page","link":"https:\/\/cms.zdv.uni-mainz.de\/modul-demo\/seiteneinstieg\/","title":{"rendered":"Seiteneinstieg"},"content":{"rendered":"<jgu-base-pageheader react-props=\"{\n    &quot;items&quot;: [\n        {\n            &quot;box&quot;: {\n                &quot;index&quot;: &quot;Bar&quot;,\n                &quot;title&quot;: &quot;Seiteneinstiege&quot;,\n                &quot;link&quot;: {\n                    &quot;url&quot;: &quot;google.com&quot;,\n                    &quot;title&quot;: &quot;learn more&quot;\n                }\n            },\n            &quot;color&quot;: &quot;dark&quot;,\n            &quot;image&quot;: {\n                &quot;url&quot;: null,\n                &quot;id&quot;: 3254,\n                &quot;credit&quot;: &quot;&quot;\n            },\n            &quot;imgCredit&quot;: &quot;&quot;,\n            &quot;video&quot;: false,\n            &quot;useVideo&quot;: false\n        }\n    ],\n    &quot;type&quot;: &quot;small&quot;,\n    &quot;useBreadcrumb&quot;: true,\n    &quot;align&quot;: &quot;full&quot;,\n    &quot;quicklinks&quot;: {\n        &quot;show&quot;: false,\n        &quot;selects&quot;: []\n    }\n}\">\n<\/jgu-base-pageheader>\n\n\n<p class=\"has-big-font-size\">Abh\u00e4ngig von der Art der Seite existieren verschiedene Seiteneinstiege. <\/p>\n\n\n\n<p class=\"has-big-font-size\">Der Seiteneinstieg hat immer die \u00dcberschriftgr\u00f6\u00dfe 1, diese sollte auf der Seite f\u00fcr eine sinnvolle Gliederung nur einmal oben auftauchen.<\/p>\n\n\n\n<p class=\"has-big-font-size\">Der Seiteneinstieg ist der einzige Block, der ein Breadcrumb-Menu der Elternseiten anbietet. <\/p>\n\n\n\n<p class=\"has-big-font-size\">Bildnachweise funktionieren nur \u00fcber das kleine Info i.<\/p>\n\n\n\n<p class=\"has-big-font-size\">Der Bild-Titel wird angezeigt, wenn der Mauszeiger auf dem Bild verharrt (hover).<\/p>\n\n\n\n<p class=\"has-big-font-size\"><strong>WPML<\/strong>: mit folgendem Trick beschriftet man die Bilder zweisprachig: die englische Beschriftung kommt im Dashboard &gt; Medien &gt; Bild &gt; Datei bearbeiten &gt; Bildtitel. Die deutsche Beschriftung kommt in den deutschen Seiteneinstieg &gt; Advanced &gt; Bild-Titel.<br>Beispiel: <a href=\"https:\/\/zdv.uni-mainz.de\" target=\"_blank\" rel=\"noreferrer noopener\">https:\/\/zdv.uni-mainz.de<\/a><\/p>\n\n\n\n<p class=\"has-big-font-size\">Die Einstellung &#8222;Startseite der JGU&#8220; bedeutet genau das: NUR die Startseite der JGU sollte diese Einstellung verwenden k\u00f6nnen. <\/p>\n\n\n\n<p class=\"has-big-font-size\">Die Quicklinks gibt es nur beim Standard-Seiteneinstieg.<\/p>\n\n\n\n<div style=\"height:60px\" aria-hidden=\"true\" class=\"wp-block-spacer\"><\/div>\n\n\n<jgu-base-button style=\"display: flex; flex-wrap: wrap; column-gap: 30px; max-width: 100%; flex-direction: row; justify-content: left\">\n  \n<jgu-base-buttonitem react-props=\"{\n    &quot;text&quot;: &quot;Seiteneinstieg - Standard&quot;,\n    &quot;styling&quot;: &quot;default&quot;,\n    &quot;link&quot;: {\n        &quot;url&quot;: &quot;https:\\\/\\\/cms.zdv.uni-mainz.de\\\/modul-demo\\\/seiteneinstieg\\\/seiteneinstieg-standard-seite\\\/&quot;,\n        &quot;linkTarget&quot;: &quot;&quot;,\n        &quot;rel&quot;: &quot;&quot;,\n        &quot;title&quot;: &quot;&quot;,\n        &quot;opensInNewTab&quot;: true\n    },\n    &quot;align&quot;: &quot;left&quot;,\n    &quot;icon&quot;: &quot;arrow-right-solid&quot;,\n    &quot;type&quot;: &quot;default&quot;,\n    &quot;iconBefore&quot;: false,\n    &quot;isSmall&quot;: false,\n    &quot;fullWidth&quot;: false,\n    &quot;className&quot;: &quot;&quot;\n}\"><\/jgu-base-buttonitem>\n\n<jgu-base-buttonitem react-props=\"{\n    &quot;text&quot;: &quot;Seiteneinstieg - Standard mit Video&quot;,\n    &quot;styling&quot;: &quot;default&quot;,\n    &quot;link&quot;: {\n        &quot;url&quot;: &quot;https:\\\/\\\/cms.zdv.uni-mainz.de\\\/modul-demo\\\/seiteneinstieg\\\/seiteneinstieg-video-header\\\/&quot;,\n        &quot;linkTarget&quot;: &quot;&quot;,\n        &quot;rel&quot;: &quot;&quot;,\n        &quot;title&quot;: &quot;&quot;,\n        &quot;opensInNewTab&quot;: true\n    },\n    &quot;align&quot;: &quot;left&quot;,\n    &quot;icon&quot;: &quot;arrow-right-solid&quot;,\n    &quot;type&quot;: &quot;default&quot;,\n    &quot;iconBefore&quot;: false,\n    &quot;isSmall&quot;: false,\n    &quot;fullWidth&quot;: false,\n    &quot;className&quot;: &quot;&quot;\n}\"><\/jgu-base-buttonitem>\n\n<jgu-base-buttonitem react-props=\"{\n    &quot;text&quot;: &quot;Seiteneinstieg - Standard Seite Slider&quot;,\n    &quot;styling&quot;: &quot;default&quot;,\n    &quot;link&quot;: {\n        &quot;url&quot;: &quot;https:\\\/\\\/cms.zdv.uni-mainz.de\\\/modul-demo\\\/seiteneinstieg\\\/seiteneinstieg-standard-seite-slider\\\/&quot;,\n        &quot;linkTarget&quot;: &quot;&quot;,\n        &quot;rel&quot;: &quot;&quot;,\n        &quot;title&quot;: &quot;&quot;,\n        &quot;opensInNewTab&quot;: true\n    },\n    &quot;align&quot;: &quot;left&quot;,\n    &quot;icon&quot;: &quot;arrow-right-solid&quot;,\n    &quot;type&quot;: &quot;default&quot;,\n    &quot;iconBefore&quot;: false,\n    &quot;isSmall&quot;: false,\n    &quot;fullWidth&quot;: false,\n    &quot;className&quot;: &quot;&quot;\n}\"><\/jgu-base-buttonitem>\n\n<jgu-base-buttonitem react-props=\"{\n    &quot;text&quot;: &quot;Seiteneinstieg - Standard mit Quicklinks&quot;,\n    &quot;styling&quot;: &quot;default&quot;,\n    &quot;link&quot;: {\n        &quot;url&quot;: &quot;https:\\\/\\\/cms.zdv.uni-mainz.de\\\/modul-demo\\\/quicklinks-wordpress\\\/&quot;,\n        &quot;linkTarget&quot;: &quot;&quot;,\n        &quot;rel&quot;: &quot;&quot;,\n        &quot;title&quot;: &quot;Seiteneinstieg Standard mit Quicklinks&quot;,\n        &quot;opensInNewTab&quot;: true,\n        &quot;id&quot;: 119926,\n        &quot;type&quot;: &quot;page&quot;,\n        &quot;kind&quot;: &quot;post-type&quot;\n    },\n    &quot;align&quot;: &quot;left&quot;,\n    &quot;icon&quot;: &quot;arrow-right-solid&quot;,\n    &quot;type&quot;: &quot;default&quot;,\n    &quot;iconBefore&quot;: false,\n    &quot;isSmall&quot;: false,\n    &quot;fullWidth&quot;: false,\n    &quot;className&quot;: &quot;&quot;\n}\"><\/jgu-base-buttonitem>\n\n<jgu-base-buttonitem react-props=\"{\n    &quot;text&quot;: &quot;Seiteneinstieg - Balken&quot;,\n    &quot;styling&quot;: &quot;default&quot;,\n    &quot;link&quot;: {\n        &quot;url&quot;: &quot;https:\\\/\\\/cms.zdv.uni-mainz.de\\\/modul-demo\\\/seiteneinstieg\\\/seiteneinstieg-schmaler-einstieg\\\/&quot;,\n        &quot;linkTarget&quot;: &quot;&quot;,\n        &quot;rel&quot;: &quot;&quot;,\n        &quot;title&quot;: &quot;&quot;,\n        &quot;opensInNewTab&quot;: true\n    },\n    &quot;align&quot;: &quot;left&quot;,\n    &quot;icon&quot;: &quot;arrow-right-solid&quot;,\n    &quot;type&quot;: &quot;default&quot;,\n    &quot;iconBefore&quot;: false,\n    &quot;isSmall&quot;: false,\n    &quot;fullWidth&quot;: false,\n    &quot;className&quot;: &quot;&quot;\n}\"><\/jgu-base-buttonitem>\n\n<jgu-base-buttonitem react-props=\"{\n    &quot;text&quot;: &quot;Seiteneinstieg - Balken Dark&quot;,\n    &quot;styling&quot;: &quot;default&quot;,\n    &quot;link&quot;: {\n        &quot;url&quot;: &quot;https:\\\/\\\/cms.zdv.uni-mainz.de\\\/modul-demo\\\/seiteneinstieg\\\/seiteneinstieg-schmaler-einstieg-dark\\\/&quot;,\n        &quot;linkTarget&quot;: &quot;&quot;,\n        &quot;rel&quot;: &quot;&quot;,\n        &quot;title&quot;: &quot;&quot;,\n        &quot;opensInNewTab&quot;: true\n    },\n    &quot;align&quot;: &quot;left&quot;,\n    &quot;icon&quot;: &quot;arrow-right-solid&quot;,\n    &quot;type&quot;: &quot;default&quot;,\n    &quot;iconBefore&quot;: false,\n    &quot;isSmall&quot;: false,\n    &quot;fullWidth&quot;: false,\n    &quot;className&quot;: &quot;&quot;\n}\"><\/jgu-base-buttonitem>\n\n<jgu-base-buttonitem react-props=\"{\n    &quot;text&quot;: &quot;Seiteneinstieg - Balken Light mehrzeilig &quot;,\n    &quot;styling&quot;: &quot;default&quot;,\n    &quot;link&quot;: {\n        &quot;url&quot;: &quot;https:\\\/\\\/cms.zdv.uni-mainz.de\\\/modul-demo\\\/seiteneinstieg\\\/seiteneinstieg-schmaler-einstieg-light-multiline\\\/&quot;,\n        &quot;linkTarget&quot;: &quot;&quot;,\n        &quot;rel&quot;: &quot;&quot;,\n        &quot;title&quot;: &quot;&quot;,\n        &quot;opensInNewTab&quot;: true\n    },\n    &quot;align&quot;: &quot;left&quot;,\n    &quot;icon&quot;: &quot;arrow-right-solid&quot;,\n    &quot;type&quot;: &quot;default&quot;,\n    &quot;iconBefore&quot;: false,\n    &quot;isSmall&quot;: false,\n    &quot;fullWidth&quot;: false,\n    &quot;className&quot;: &quot;&quot;\n}\"><\/jgu-base-buttonitem>\n\n<jgu-base-buttonitem react-props=\"{\n    &quot;text&quot;: &quot;Seiteneinstieg - Roter Winkel&quot;,\n    &quot;styling&quot;: &quot;default&quot;,\n    &quot;link&quot;: {\n        &quot;url&quot;: &quot;https:\\\/\\\/cms.zdv.uni-mainz.de\\\/modul-demo\\\/seiteneinstieg\\\/seiteneinstieg-roter-winkel\\\/&quot;,\n        &quot;linkTarget&quot;: &quot;&quot;,\n        &quot;rel&quot;: &quot;&quot;,\n        &quot;title&quot;: &quot;Seiteneinstieg \\u2013 Roter Winkel&quot;,\n        &quot;opensInNewTab&quot;: true,\n        &quot;id&quot;: 5220,\n        &quot;type&quot;: &quot;page&quot;,\n        &quot;kind&quot;: &quot;post-type&quot;\n    },\n    &quot;align&quot;: &quot;left&quot;,\n    &quot;icon&quot;: &quot;arrow-right-solid&quot;,\n    &quot;type&quot;: &quot;default&quot;,\n    &quot;iconBefore&quot;: false,\n    &quot;isSmall&quot;: false,\n    &quot;fullWidth&quot;: false,\n    &quot;className&quot;: &quot;&quot;\n}\"><\/jgu-base-buttonitem>\n\n<jgu-base-buttonitem react-props=\"{\n    &quot;text&quot;: &quot;Seiteneinstieg - NUR JGU mit Schnelleinstieg&quot;,\n    &quot;styling&quot;: &quot;default&quot;,\n    &quot;link&quot;: {\n        &quot;url&quot;: &quot;https:\\\/\\\/cms.zdv.uni-mainz.de\\\/modul-demo\\\/seiteneinstieg\\\/seiteneinstieg-mit-schnelleinstieg-direktlink\\\/&quot;,\n        &quot;linkTarget&quot;: &quot;&quot;,\n        &quot;rel&quot;: &quot;&quot;,\n        &quot;title&quot;: &quot;&quot;,\n        &quot;opensInNewTab&quot;: true\n    },\n    &quot;align&quot;: &quot;left&quot;,\n    &quot;icon&quot;: &quot;arrow-right-solid&quot;,\n    &quot;type&quot;: &quot;default&quot;,\n    &quot;iconBefore&quot;: false,\n    &quot;isSmall&quot;: false,\n    &quot;fullWidth&quot;: false,\n    &quot;className&quot;: &quot;&quot;\n}\"><\/jgu-base-buttonitem>\n\n<\/jgu-base-button>\n\n\n<p class=\"has-big-font-size\"><\/p>\n    <div style=\"display: none\">\n        \n    <\/div>","protected":false},"excerpt":{"rendered":"<p>Abh\u00e4ngig von der Art der Seite existieren verschiedene Seiteneinstiege. Der Seiteneinstieg hat immer die \u00dcberschriftgr\u00f6\u00dfe 1, diese sollte auf der Seite f\u00fcr eine sinnvolle Gliederung nur einmal oben auftauchen. Der Seiteneinstieg ist der einzige Block, der ein Breadcrumb-Menu der Elternseiten anbietet. Bildnachweise funktionieren nur \u00fcber das kleine Info i. Der Bild-Titel wird angezeigt, wenn der &hellip; <a href=\"https:\/\/cms.zdv.uni-mainz.de\/modul-demo\/seiteneinstieg\/\">Weiter lesen<\/a><\/p>\n","protected":false},"author":1,"featured_media":0,"parent":0,"menu_order":0,"comment_status":"closed","ping_status":"closed","template":"","meta":{"footnotes":""},"categories":[],"tags":[],"class_list":["post-2729","page","type-page","status-publish","hentry"],"content_raw":"<!-- wp:jgu\/pageheader {\"items\":[{\"box\":{\"index\":\"Bar\",\"title\":\"Seiteneinstiege\",\"link\":{\"url\":\"google.com\",\"title\":\"learn more\"}},\"color\":\"dark\",\"image\":{\"url\":null,\"id\":3254,\"credit\":\"\"},\"imgCredit\":\"\",\"video\":false,\"useVideo\":false}],\"type\":\"small\",\"useBreadcrumb\":true} \/-->\n\n<!-- wp:paragraph -->\n<p class=\"has-big-font-size\">Abh\u00e4ngig von der Art der Seite existieren verschiedene Seiteneinstiege. <\/p>\n<!-- \/wp:paragraph -->\n\n<!-- wp:paragraph -->\n<p class=\"has-big-font-size\">Der Seiteneinstieg hat immer die \u00dcberschriftgr\u00f6\u00dfe 1, diese sollte auf der Seite f\u00fcr eine sinnvolle Gliederung nur einmal oben auftauchen.<\/p>\n<!-- \/wp:paragraph -->\n\n<!-- wp:paragraph -->\n<p class=\"has-big-font-size\">Der Seiteneinstieg ist der einzige Block, der ein Breadcrumb-Menu der Elternseiten anbietet. <\/p>\n<!-- \/wp:paragraph -->\n\n<!-- wp:paragraph -->\n<p class=\"has-big-font-size\">Bildnachweise funktionieren nur \u00fcber das kleine Info i.<\/p>\n<!-- \/wp:paragraph -->\n\n<!-- wp:paragraph -->\n<p class=\"has-big-font-size\">Der Bild-Titel wird angezeigt, wenn der Mauszeiger auf dem Bild verharrt (hover).<\/p>\n<!-- \/wp:paragraph -->\n\n<!-- wp:paragraph -->\n<p class=\"has-big-font-size\"><strong>WPML<\/strong>: mit folgendem Trick beschriftet man die Bilder zweisprachig: die englische Beschriftung kommt im Dashboard &gt; Medien &gt; Bild &gt; Datei bearbeiten &gt; Bildtitel. Die deutsche Beschriftung kommt in den deutschen Seiteneinstieg &gt; Advanced &gt; Bild-Titel.<br>Beispiel: <a href=\"https:\/\/zdv.uni-mainz.de\" target=\"_blank\" rel=\"noreferrer noopener\">https:\/\/zdv.uni-mainz.de<\/a><\/p>\n<!-- \/wp:paragraph -->\n\n<!-- wp:paragraph -->\n<p class=\"has-big-font-size\">Die Einstellung \"Startseite der JGU\" bedeutet genau das: NUR die Startseite der JGU sollte diese Einstellung verwenden k\u00f6nnen. <\/p>\n<!-- \/wp:paragraph -->\n\n<!-- wp:paragraph -->\n<p class=\"has-big-font-size\">Die Quicklinks gibt es nur beim Standard-Seiteneinstieg.<\/p>\n<!-- \/wp:paragraph -->\n\n<!-- wp:spacer {\"height\":\"60px\"} -->\n<div style=\"height:60px\" aria-hidden=\"true\" class=\"wp-block-spacer\"><\/div>\n<!-- \/wp:spacer -->\n\n<!-- wp:jgu\/button -->\n<!-- wp:jgu\/button-item {\"text\":\"Seiteneinstieg - Standard\",\"styling\":\"default\",\"link\":{\"url\":\"https:\/\/cms.zdv.uni-mainz.de\/modul-demo\/seiteneinstieg\/seiteneinstieg-standard-seite\/\",\"linkTarget\":\"\",\"rel\":\"\",\"title\":\"\",\"opensInNewTab\":true}} \/-->\n\n<!-- wp:jgu\/button-item {\"text\":\"Seiteneinstieg - Standard mit Video\",\"styling\":\"default\",\"link\":{\"url\":\"https:\/\/cms.zdv.uni-mainz.de\/modul-demo\/seiteneinstieg\/seiteneinstieg-video-header\/\",\"linkTarget\":\"\",\"rel\":\"\",\"title\":\"\",\"opensInNewTab\":true}} \/-->\n\n<!-- wp:jgu\/button-item {\"text\":\"Seiteneinstieg - Standard Seite Slider\",\"styling\":\"default\",\"link\":{\"url\":\"https:\/\/cms.zdv.uni-mainz.de\/modul-demo\/seiteneinstieg\/seiteneinstieg-standard-seite-slider\/\",\"linkTarget\":\"\",\"rel\":\"\",\"title\":\"\",\"opensInNewTab\":true}} \/-->\n\n<!-- wp:jgu\/button-item {\"text\":\"Seiteneinstieg - Standard mit Quicklinks\",\"styling\":\"default\",\"link\":{\"url\":\"https:\/\/cms.zdv.uni-mainz.de\/modul-demo\/quicklinks-wordpress\/\",\"linkTarget\":\"\",\"rel\":\"\",\"title\":\"Seiteneinstieg Standard mit Quicklinks\",\"opensInNewTab\":true,\"id\":119926,\"type\":\"page\",\"kind\":\"post-type\"}} \/-->\n\n<!-- wp:jgu\/button-item {\"text\":\"Seiteneinstieg - Balken\",\"styling\":\"default\",\"link\":{\"url\":\"https:\/\/cms.zdv.uni-mainz.de\/modul-demo\/seiteneinstieg\/seiteneinstieg-schmaler-einstieg\/\",\"linkTarget\":\"\",\"rel\":\"\",\"title\":\"\",\"opensInNewTab\":true}} \/-->\n\n<!-- wp:jgu\/button-item {\"text\":\"Seiteneinstieg - Balken Dark\",\"styling\":\"default\",\"link\":{\"url\":\"https:\/\/cms.zdv.uni-mainz.de\/modul-demo\/seiteneinstieg\/seiteneinstieg-schmaler-einstieg-dark\/\",\"linkTarget\":\"\",\"rel\":\"\",\"title\":\"\",\"opensInNewTab\":true}} \/-->\n\n<!-- wp:jgu\/button-item {\"text\":\"Seiteneinstieg - Balken Light mehrzeilig \",\"styling\":\"default\",\"link\":{\"url\":\"https:\/\/cms.zdv.uni-mainz.de\/modul-demo\/seiteneinstieg\/seiteneinstieg-schmaler-einstieg-light-multiline\/\",\"linkTarget\":\"\",\"rel\":\"\",\"title\":\"\",\"opensInNewTab\":true}} \/-->\n\n<!-- wp:jgu\/button-item {\"text\":\"Seiteneinstieg - Roter Winkel\",\"styling\":\"default\",\"link\":{\"url\":\"https:\/\/cms.zdv.uni-mainz.de\/modul-demo\/seiteneinstieg\/seiteneinstieg-roter-winkel\/\",\"linkTarget\":\"\",\"rel\":\"\",\"title\":\"Seiteneinstieg \u2013 Roter Winkel\",\"opensInNewTab\":true,\"id\":5220,\"type\":\"page\",\"kind\":\"post-type\"}} \/-->\n\n<!-- wp:jgu\/button-item {\"text\":\"Seiteneinstieg - NUR JGU mit Schnelleinstieg\",\"styling\":\"default\",\"link\":{\"url\":\"https:\/\/cms.zdv.uni-mainz.de\/modul-demo\/seiteneinstieg\/seiteneinstieg-mit-schnelleinstieg-direktlink\/\",\"linkTarget\":\"\",\"rel\":\"\",\"title\":\"\",\"opensInNewTab\":true}} \/-->\n<!-- \/wp:jgu\/button -->\n\n<!-- wp:paragraph -->\n<p class=\"has-big-font-size\"><\/p>\n<!-- \/wp:paragraph -->","_links":{"self":[{"href":"https:\/\/cms.zdv.uni-mainz.de\/modul-demo\/wp-json\/wp\/v2\/pages\/2729","targetHints":{"allow":["GET"]}}],"collection":[{"href":"https:\/\/cms.zdv.uni-mainz.de\/modul-demo\/wp-json\/wp\/v2\/pages"}],"about":[{"href":"https:\/\/cms.zdv.uni-mainz.de\/modul-demo\/wp-json\/wp\/v2\/types\/page"}],"author":[{"embeddable":true,"href":"https:\/\/cms.zdv.uni-mainz.de\/modul-demo\/wp-json\/wp\/v2\/users\/1"}],"replies":[{"embeddable":true,"href":"https:\/\/cms.zdv.uni-mainz.de\/modul-demo\/wp-json\/wp\/v2\/comments?post=2729"}],"version-history":[{"count":11,"href":"https:\/\/cms.zdv.uni-mainz.de\/modul-demo\/wp-json\/wp\/v2\/pages\/2729\/revisions"}],"predecessor-version":[{"id":119939,"href":"https:\/\/cms.zdv.uni-mainz.de\/modul-demo\/wp-json\/wp\/v2\/pages\/2729\/revisions\/119939"}],"wp:attachment":[{"href":"https:\/\/cms.zdv.uni-mainz.de\/modul-demo\/wp-json\/wp\/v2\/media?parent=2729"}],"wp:term":[{"taxonomy":"category","embeddable":true,"href":"https:\/\/cms.zdv.uni-mainz.de\/modul-demo\/wp-json\/wp\/v2\/categories?post=2729"},{"taxonomy":"post_tag","embeddable":true,"href":"https:\/\/cms.zdv.uni-mainz.de\/modul-demo\/wp-json\/wp\/v2\/tags?post=2729"}],"curies":[{"name":"wp","href":"https:\/\/api.w.org\/{rel}","templated":true}]}}