{"id":5247,"date":"2022-10-25T10:15:24","date_gmt":"2022-10-25T08:15:24","guid":{"rendered":"https:\/\/cms-test.zdv.uni-mainz.de\/demo-module\/?page_id=5247"},"modified":"2026-05-06T13:46:07","modified_gmt":"2026-05-06T11:46:07","slug":"seiteneinstieg-video-header","status":"publish","type":"page","link":"https:\/\/cms.zdv.uni-mainz.de\/modul-demo\/seiteneinstieg\/seiteneinstieg-video-header\/","title":{"rendered":"Seiteneinstieg- Video Header"},"content":{"rendered":"<jgu-base-pageheader react-props=\"{\n    &quot;items&quot;: [\n        {\n            &quot;box&quot;: {\n                &quot;index&quot;: &quot;Typ Standard - als Video anzeigen&quot;,\n                &quot;title&quot;: &quot;Standardm\\u00e4\\u00dfig wird das Startbild des Videos verwendet.&quot;,\n                &quot;link&quot;: {\n                    &quot;url&quot;: &quot;&quot;,\n                    &quot;title&quot;: &quot;learn more&quot;\n                }\n            },\n            &quot;color&quot;: &quot;white&quot;,\n            &quot;image&quot;: {\n                &quot;url&quot;: null,\n                &quot;id&quot;: 3251,\n                &quot;caption&quot;: &quot;Foobar&quot;,\n                &quot;credit&quot;: &quot;Test&quot;\n            },\n            &quot;imgCredit&quot;: &quot;&quot;,\n            &quot;useVideo&quot;: true,\n            &quot;video&quot;: {\n                &quot;provider&quot;: &quot;youtube&quot;,\n                &quot;id&quot;: &quot;RzVvThhjAKw&quot;,\n                &quot;poster&quot;: &quot;https:\\\/\\\/cms.zdv.uni-mainz.de\\\/wp-content\\\/uploads\\\/sites\\\/22\\\/2026\\\/05\\\/thumbnails\\\/RzVvThhjAKw.jpg&quot;,\n                &quot;l10n&quot;: {\n                    &quot;close_modal&quot;: &quot;Close video&quot;,\n                    &quot;playVideo&quot;: &quot;Video abspielen&quot;\n                }\n            },\n            &quot;noTitle&quot;: true\n        },\n        {\n            &quot;box&quot;: {\n                &quot;index&quot;: &quot;&quot;,\n                &quot;title&quot;: &quot;Ein wundersch\\u00f6ner Marmorpferdekopf&quot;,\n                &quot;link&quot;: {\n                    &quot;url&quot;: &quot;&quot;,\n                    &quot;title&quot;: &quot;learn more&quot;\n                }\n            },\n            &quot;color&quot;: &quot;default&quot;,\n            &quot;image&quot;: {\n                &quot;url&quot;: &quot;https:\\\/\\\/cms.zdv.uni-mainz.de\\\/modul-demo\\\/wp-content\\\/uploads\\\/sites\\\/22\\\/2024\\\/01\\\/2019-02-03_20-marmor-pferdekopf-scaled.jpg&quot;,\n                &quot;id&quot;: 113781,\n                &quot;alt&quot;: &quot;Um den Marmorkopf eines Pferdes ranken Farne&quot;,\n                &quot;caption&quot;: &quot;Equus romanus&quot;,\n                &quot;credit&quot;: &quot;Anja Slowinski&quot;,\n                &quot;title&quot;: &quot;2019-02-03_20-marmor-pferdekopf&quot;,\n                &quot;width&quot;: 2560,\n                &quot;height&quot;: 1707,\n                &quot;srcset&quot;: &quot;https:\\\/\\\/cms.zdv.uni-mainz.de\\\/modul-demo\\\/wp-content\\\/uploads\\\/sites\\\/22\\\/2024\\\/01\\\/2019-02-03_20-marmor-pferdekopf-scaled.jpg 2560w, https:\\\/\\\/cms.zdv.uni-mainz.de\\\/modul-demo\\\/wp-content\\\/uploads\\\/sites\\\/22\\\/2024\\\/01\\\/2019-02-03_20-marmor-pferdekopf-300x200.jpg 300w, https:\\\/\\\/cms.zdv.uni-mainz.de\\\/modul-demo\\\/wp-content\\\/uploads\\\/sites\\\/22\\\/2024\\\/01\\\/2019-02-03_20-marmor-pferdekopf-1024x683.jpg 1024w, https:\\\/\\\/cms.zdv.uni-mainz.de\\\/modul-demo\\\/wp-content\\\/uploads\\\/sites\\\/22\\\/2024\\\/01\\\/2019-02-03_20-marmor-pferdekopf-768x512.jpg 768w, https:\\\/\\\/cms.zdv.uni-mainz.de\\\/modul-demo\\\/wp-content\\\/uploads\\\/sites\\\/22\\\/2024\\\/01\\\/2019-02-03_20-marmor-pferdekopf-1536x1024.jpg 1536w, https:\\\/\\\/cms.zdv.uni-mainz.de\\\/modul-demo\\\/wp-content\\\/uploads\\\/sites\\\/22\\\/2024\\\/01\\\/2019-02-03_20-marmor-pferdekopf-2048x1365.jpg 2048w&quot;\n            },\n            &quot;imgCredit&quot;: &quot;&quot;,\n            &quot;useVideo&quot;: false,\n            &quot;slideIndex&quot;: 1,\n            &quot;video&quot;: false\n        },\n        {\n            &quot;box&quot;: {\n                &quot;index&quot;: &quot;&quot;,\n                &quot;title&quot;: &quot;&quot;,\n                &quot;link&quot;: {\n                    &quot;url&quot;: &quot;&quot;,\n                    &quot;title&quot;: &quot;learn more&quot;\n                }\n            },\n            &quot;color&quot;: &quot;default&quot;,\n            &quot;image&quot;: {\n                &quot;url&quot;: &quot;&quot;\n            },\n            &quot;imgCredit&quot;: &quot;&quot;,\n            &quot;useVideo&quot;: false,\n            &quot;slideIndex&quot;: 2\n        }\n    ],\n    &quot;type&quot;: &quot;default&quot;,\n    &quot;useBreadcrumb&quot;: true,\n    &quot;align&quot;: &quot;full&quot;,\n    &quot;quicklinks&quot;: {\n        &quot;show&quot;: false,\n        &quot;selects&quot;: []\n    }\n}\">\n<\/jgu-base-pageheader>\n\n\n<p class=\"has-big-font-size\">Standardm\u00e4\u00dfig wird das erste Bild des Videos verwendet. Sieht der Videoanfang nicht passend aus, hinterlegen Sie bei Thumbnail das Startbild des Videos. Ein Auto-Play ist wegen der schlechten Zug\u00e4nglichkeit nicht erw\u00fcnscht. Stellen Sie sich vor, Sie lassen sich die Webseite vorlesen und pl\u00f6tzlich h\u00f6ren sie zus\u00e4tzlich die Tonspur des Videos, das w\u00e4re nur chaotisch und \u00e4rgerlich. Wenn Sie f\u00fcr das Startbild einen Credit setzen m\u00fcssen, tun Sie dies  \u00fcber \u201eAdd image\u201c mit einem Bild aus der Mediathek\nDann nutzen Sie  nicht das Thumbnail das bei Verwendung eine Videos automatisiert gezogen wird und keine credit hat.<\/p>\n    <div style=\"display: none\">\n        \n    <\/div>","protected":false},"excerpt":{"rendered":"<p>Standardm\u00e4\u00dfig wird das erste Bild des Videos verwendet. Sieht der Videoanfang nicht passend aus, hinterlegen Sie bei Thumbnail das Startbild des Videos. Ein Auto-Play ist wegen der schlechten Zug\u00e4nglichkeit nicht erw\u00fcnscht. Stellen Sie sich vor, Sie lassen sich die Webseite vorlesen und pl\u00f6tzlich h\u00f6ren sie zus\u00e4tzlich die Tonspur des Videos, das w\u00e4re nur chaotisch und &hellip; <a href=\"https:\/\/cms.zdv.uni-mainz.de\/modul-demo\/seiteneinstieg\/seiteneinstieg-video-header\/\">Weiter lesen<\/a><\/p>\n","protected":false},"author":1,"featured_media":0,"parent":2729,"menu_order":0,"comment_status":"closed","ping_status":"closed","template":"","meta":{"footnotes":""},"categories":[],"tags":[],"class_list":["post-5247","page","type-page","status-publish","hentry"],"content_raw":"<!-- wp:jgu\/pageheader {\"items\":[{\"box\":{\"index\":\"Typ Standard - als Video anzeigen\",\"title\":\"Standardm\u00e4\u00dfig wird das Startbild des Videos verwendet.\",\"link\":{\"url\":\"\",\"title\":\"learn more\"}},\"color\":\"white\",\"image\":{\"url\":null,\"id\":3251,\"caption\":\"Foobar\",\"credit\":\"Test\"},\"imgCredit\":\"\",\"useVideo\":true,\"video\":{\"provider\":\"youtube\",\"id\":\"RzVvThhjAKw\",\"poster\":\"https:\/\/cms.zdv.uni-mainz.de\/wp-content\/uploads\/sites\/22\/2026\/05\/thumbnails\/RzVvThhjAKw.jpg\",\"l10n\":{\"close_modal\":\"Close video\",\"playVideo\":\"Video abspielen\"}},\"noTitle\":true},{\"box\":{\"index\":\"\",\"title\":\"Ein wundersch\u00f6ner Marmorpferdekopf\",\"link\":{\"url\":\"\",\"title\":\"learn more\"}},\"color\":\"default\",\"image\":{\"url\":null,\"id\":113781},\"imgCredit\":\"\",\"useVideo\":false,\"slideIndex\":1,\"video\":false},{\"box\":{\"index\":\"\",\"title\":\"\",\"link\":{\"url\":\"\",\"title\":\"learn more\"}},\"color\":\"default\",\"image\":{\"url\":\"\"},\"imgCredit\":\"\",\"useVideo\":false,\"slideIndex\":2}],\"type\":\"default\",\"useBreadcrumb\":true} \/-->\n\n<!-- wp:paragraph -->\n<p class=\"has-big-font-size\">Standardm\u00e4\u00dfig wird das erste Bild des Videos verwendet. Sieht der Videoanfang nicht passend aus, hinterlegen Sie bei Thumbnail das Startbild des Videos. Ein Auto-Play ist wegen der schlechten Zug\u00e4nglichkeit nicht erw\u00fcnscht. Stellen Sie sich vor, Sie lassen sich die Webseite vorlesen und pl\u00f6tzlich h\u00f6ren sie zus\u00e4tzlich die Tonspur des Videos, das w\u00e4re nur chaotisch und \u00e4rgerlich. Wenn Sie f\u00fcr das Startbild einen Credit setzen m\u00fcssen, tun Sie dies  \u00fcber \u201eAdd image\u201c mit einem Bild aus der Mediathek\nDann nutzen Sie  nicht das Thumbnail das bei Verwendung eine Videos automatisiert gezogen wird und keine credit hat.<\/p>\n<!-- \/wp:paragraph -->","_links":{"self":[{"href":"https:\/\/cms.zdv.uni-mainz.de\/modul-demo\/wp-json\/wp\/v2\/pages\/5247","targetHints":{"allow":["GET"]}}],"collection":[{"href":"https:\/\/cms.zdv.uni-mainz.de\/modul-demo\/wp-json\/wp\/v2\/pages"}],"about":[{"href":"https:\/\/cms.zdv.uni-mainz.de\/modul-demo\/wp-json\/wp\/v2\/types\/page"}],"author":[{"embeddable":true,"href":"https:\/\/cms.zdv.uni-mainz.de\/modul-demo\/wp-json\/wp\/v2\/users\/1"}],"replies":[{"embeddable":true,"href":"https:\/\/cms.zdv.uni-mainz.de\/modul-demo\/wp-json\/wp\/v2\/comments?post=5247"}],"version-history":[{"count":11,"href":"https:\/\/cms.zdv.uni-mainz.de\/modul-demo\/wp-json\/wp\/v2\/pages\/5247\/revisions"}],"predecessor-version":[{"id":119846,"href":"https:\/\/cms.zdv.uni-mainz.de\/modul-demo\/wp-json\/wp\/v2\/pages\/5247\/revisions\/119846"}],"up":[{"embeddable":true,"href":"https:\/\/cms.zdv.uni-mainz.de\/modul-demo\/wp-json\/wp\/v2\/pages\/2729"}],"wp:attachment":[{"href":"https:\/\/cms.zdv.uni-mainz.de\/modul-demo\/wp-json\/wp\/v2\/media?parent=5247"}],"wp:term":[{"taxonomy":"category","embeddable":true,"href":"https:\/\/cms.zdv.uni-mainz.de\/modul-demo\/wp-json\/wp\/v2\/categories?post=5247"},{"taxonomy":"post_tag","embeddable":true,"href":"https:\/\/cms.zdv.uni-mainz.de\/modul-demo\/wp-json\/wp\/v2\/tags?post=5247"}],"curies":[{"name":"wp","href":"https:\/\/api.w.org\/{rel}","templated":true}]}}